{"id":454,"date":"2022-05-13T00:50:05","date_gmt":"2022-05-12T22:50:05","guid":{"rendered":"https:\/\/lerelaisdesfuturs.com\/?page_id=454"},"modified":"2023-09-04T00:02:43","modified_gmt":"2023-09-03T22:02:43","slug":"passerelle-rurbaine-4","status":"publish","type":"page","link":"https:\/\/lerelaisdesfuturs.com\/?page_id=454","title":{"rendered":"Notre histoire"},"content":{"rendered":"<div class=\"wp-block-image\">\n<figure class=\"aligncenter size-full\"><img loading=\"lazy\" decoding=\"async\" width=\"250\" height=\"250\" src=\"https:\/\/lerelaisdesfuturs.com\/wp-content\/uploads\/2021\/12\/cropped-logo_couleur-2-e1640551303393.png\" alt=\"logo utilis\u00e9 en logo\" class=\"wp-image-236\"\/><\/figure>\n<\/div>\n\n\n<p><strong>Le Relai\u00b7s des Futurs est un \u00e9co-collectif situ\u00e9 dans la ville de Lormes, <\/strong>la bien-nomm\u00e9e<strong>, &#8216;petite ville du futur&#8217; (not less!!). <\/strong><\/p>\n\n\n\n<p>Que tu sois urbain, rural, rurbain, habitant de Lormes, du Morvan ou en fait de n&#8217;importe o\u00f9 ailleurs, nous te souhaitons la bienvenue sur notre site. Au fil des pages tu pourras d\u00e9couvrir comment nous construisons ce collectif. Car oui, c&#8217;est un travail en cours! Nous mettons l&#8217;humain &#8211; toi, moi, nous, yielles -, toutes g\u00e9n\u00e9rations confondues, au c\u0153ur du projet. <\/p>\n\n\n\n<p>D\u00e9lecte toi de ce site pr\u00e9par\u00e9 avec amour par les Relayeur\u00b7se\u00b7s. Si suite \u00e0 ce moment de bonheur (oui oui, tout est possible derri\u00e8re ton \u00e9cran), tu as envie de venir partager un moment avec nous, saute le pas! Une soir\u00e9e, une nuit, un week-end ou un an&#8230;! Tout est possible!! Nous t&#8217;invitons \u00e0 nous rejoindre sur notre page <a href=\"https:\/\/www.facebook.com\/Le-Relais-Des-Futurs-104170492143065\/\">Facebook<\/a> pour les derni\u00e8res actualit\u00e9s!<\/p>\n\n\n\n<p>A tr\u00e8s vite \ud83d\ude18 (oui, ici on se fait des bisous et des c\u00e2lins, super pratique &#8211; Le Relai\u00b7s est AUSSI un centre de rappel vaccinal). <\/p>\n\n\n\n<figure class=\"wp-block-image size-large\"><img loading=\"lazy\" decoding=\"async\" width=\"1024\" height=\"523\" src=\"https:\/\/lerelaisdesfuturs.com\/wp-content\/uploads\/2022\/05\/concept-accueil-1024x523.png\" alt=\"\" class=\"wp-image-478\" srcset=\"https:\/\/lerelaisdesfuturs.com\/wp-content\/uploads\/2022\/05\/concept-accueil-1024x523.png 1024w, https:\/\/lerelaisdesfuturs.com\/wp-content\/uploads\/2022\/05\/concept-accueil-300x153.png 300w, https:\/\/lerelaisdesfuturs.com\/wp-content\/uploads\/2022\/05\/concept-accueil-768x392.png 768w, https:\/\/lerelaisdesfuturs.com\/wp-content\/uploads\/2022\/05\/concept-accueil-210x107.png 210w, https:\/\/lerelaisdesfuturs.com\/wp-content\/uploads\/2022\/05\/concept-accueil.png 1091w\" sizes=\"auto, (max-width: 1024px) 100vw, 1024px\" \/><\/figure>\n\n\n\n<p><strong><a href=\"https:\/\/lerelaisdesfuturs.com\/wp-admin\/post.php?post=516&amp;action=edit\">L&#8217;\u00e9quipe<\/a><\/strong><\/p>\n\n\n\n<div class=\"wp-block-columns is-layout-flex wp-container-core-columns-is-layout-9d6595d7 wp-block-columns-is-layout-flex\">\n<div class=\"wp-block-column is-layout-flow wp-block-column-is-layout-flow\">\n<figure class=\"wp-block-image size-large\"><img loading=\"lazy\" decoding=\"async\" width=\"1470\" height=\"1103\" src=\"https:\/\/lerelaisdesfuturs.com\/wp-content\/uploads\/2022\/05\/image7-1-edited.jpeg\" alt=\"\" class=\"wp-image-503\" srcset=\"https:\/\/lerelaisdesfuturs.com\/wp-content\/uploads\/2022\/05\/image7-1-edited.jpeg 1470w, https:\/\/lerelaisdesfuturs.com\/wp-content\/uploads\/2022\/05\/image7-1-edited-300x225.jpeg 300w, https:\/\/lerelaisdesfuturs.com\/wp-content\/uploads\/2022\/05\/image7-1-edited-1024x768.jpeg 1024w, https:\/\/lerelaisdesfuturs.com\/wp-content\/uploads\/2022\/05\/image7-1-edited-768x576.jpeg 768w, https:\/\/lerelaisdesfuturs.com\/wp-content\/uploads\/2022\/05\/image7-1-edited-210x158.jpeg 210w\" sizes=\"auto, (max-width: 1470px) 100vw, 1470px\" \/><\/figure>\n<\/div>\n<\/div>\n\n\n\n<div class=\"wp-block-columns is-layout-flex wp-container-core-columns-is-layout-9d6595d7 wp-block-columns-is-layout-flex\">\n<div class=\"wp-block-column is-layout-flow wp-block-column-is-layout-flow\">\n<p>Nous sommes 4 co-fondateurs au d\u00e9part de cette aventure: Camille, Nad\u00e8ge, Loiez &amp; Aymeric! <\/p>\n<\/div>\n<\/div>\n\n\n\n<p><strong>Notre vision<\/strong><\/p>\n\n\n\n<p>Retrouver un \u00e9quilibre entre l\u2019humain et la nature pour une soci\u00e9t\u00e9 conviviale et durable<\/p>\n\n\n\n<p><strong>Notre mission<\/strong><\/p>\n\n\n\n<p>Cr\u00e9er et animer un \u00e9cosyst\u00e8me d\u2019innovation et d\u2019exp\u00e9rimentation soci\u00e9tale reliant l\u2019urbain &amp; la nature<\/p>\n\n\n\n<p><strong>Nos objectifs<\/strong><\/p>\n\n\n\n<p><strong>Int\u00e9grer les urbains dans le monde rural<\/strong><\/p>\n\n\n\n<p>Nous sommes des urbains. Vivre en ville nous a appris \u00e0 avoir tout ce dont nous avions besoin au pas de notre porte, et m\u00eame ce dont nous n\u2019avons pas besoin. Le tout en d\u00e9personnifiant l\u2019humain. Aujourd\u2019hui nous voulons rapprivoiser la nature et tout ce qu\u2019elle a \u00e0 nous offrir.<\/p>\n\n\n\n<p>Une journ\u00e9e de vacances au Relai\u00b7s des Futurs? C\u2019est se lever le matin pour aller nourrir les poules (lorsqu\u2019elles auront \u00e9t\u00e9 adopt\u00e9es!) et ramasser quelques \u0153ufs. Passer par le potager pour r\u00e9colter quelques l\u00e9gumes tout en revenant d\u2019un petit tour d\u2019\u00e9tang. Pr\u00e9parer le repas \u00e0 la chaleur du po\u00eale pour le collectif. Finir la soir\u00e9e au bar \u00e0 danser sur les tables (et oui, c\u2019est permis, les lundis, mardis, mercredis, jeudis, vendredis, samedis &amp; dimanches:)!! (Puis retourner faire un tour d\u2019\u00e9tang pour admirer les \u00e9toiles).<\/p>\n\n\n\n<p>T\u2019inqui\u00e8tes, si tu as besoin de travailler, l\u2019espace de co-working est pr\u00e9vu! (Et la soir\u00e9e finira de la m\u00eame fa\u00e7on ;)!)<\/p>\n\n\n\n<p><a href=\"https:\/\/www.nivernaismorvan.net\/\">Et si cela ne suffit pas, il y a toujours de la place \u00e0 la Mission Num\u00e9rique du pays Nivernais Morvan (sois rassur\u00e9\u00b7e, il y\u2019a la fibre, tu ne sauras pas \u00e9j\u00e9ct\u00e9\u00b7e de ta r\u00e9union \u00e0 cause de la connexion)!<\/a><\/p>\n\n\n\n<blockquote class=\"wp-block-quote is-layout-flow wp-block-quote-is-layout-flow\">\n<p><strong>Alors, tu viens??!! On t\u2019attend!!<\/strong><\/p>\n<\/blockquote>\n\n\n\n<hr class=\"wp-block-separator has-css-opacity\"\/>\n\n\n\n<p><strong>Le concept<\/strong><\/p>\n\n\n\n<p>L\u2019id\u00e9e du&nbsp;Relai\u00b7s&nbsp;des Futurs est celle d\u2019une \u2018maison pour&nbsp;\u00eatre tous ensemble quand on sera vieux\u2019. Avec la crise&nbsp;provoqu\u00e9e par notre ami SARS-CoV-2 et ses intrins\u00e8ques&nbsp;confinements, nous nous sommes dit \u2018Mais pourquoi&nbsp;attendre?\u2019. Car oui, c\u2019est bien connu, \u00e0 force d\u2019attendre, ce&nbsp;n\u2019est jamais le bon moment! Donc voil\u00e0, en Juillet 2021, le&nbsp;lieu fut identifi\u00e9 et les joyeux pr\u00e9paratifs imm\u00e9diatement&nbsp;initi\u00e9s!\u200b<\/p>\n\n\n\n<figure class=\"wp-block-image size-full\"><img loading=\"lazy\" decoding=\"async\" width=\"827\" height=\"394\" src=\"https:\/\/lerelaisdesfuturs.com\/wp-content\/uploads\/2021\/12\/les-vieux-fourneaux-on-est-vivants-1.jpg\" alt=\"\" class=\"wp-image-330\" srcset=\"https:\/\/lerelaisdesfuturs.com\/wp-content\/uploads\/2021\/12\/les-vieux-fourneaux-on-est-vivants-1.jpg 827w, https:\/\/lerelaisdesfuturs.com\/wp-content\/uploads\/2021\/12\/les-vieux-fourneaux-on-est-vivants-1-300x143.jpg 300w, https:\/\/lerelaisdesfuturs.com\/wp-content\/uploads\/2021\/12\/les-vieux-fourneaux-on-est-vivants-1-768x366.jpg 768w\" sizes=\"auto, (max-width: 827px) 100vw, 827px\" \/><figcaption class=\"wp-element-caption\">Cr\u00e9dit image: Les Vieux Fourneaux \/ Lupano Cauuet (Edition Dargaud)<\/figcaption><\/figure>\n\n\n\n<hr class=\"wp-block-separator has-css-opacity\"\/>\n\n\n\n<p><strong><a href=\"https:\/\/lerelaisdesfuturs.com\/?page_id=266\">Les tiers-lieux<\/a><\/strong><\/p>\n\n\n\n<p>Avec ses multiples facettes, Le Relai\u00b7s des Futurs se d\u00e9finit comme un &#8216;eco-tiers-lieux&#8217;. Du jardin au compost, de la champignonni\u00e8re \u00e0 l&#8217;espace co-work&#8217; en passant par la grange, c&#8217;est simple! Au Relai\u00b7s, on peut tout y faire! <\/p>\n\n\n\n<p><strong>Mais donc, concr\u00e8tement, on y fait quoi?<\/strong><\/p>\n\n\n\n<p>R\u00e9ponse tr\u00e8s simple: ON Y VIT!!<\/p>\n\n\n\n<p>On peut y venir lorsque l\u2019on t\u00e9l\u00e9travaille ou lorsque l\u2019on veut y passer des vacances. Sur place, on est \u2018comme \u00e0 la maison, mais en mieux (si, si, j\u2019te jure!)\u2019. Le Relai\u00b7s des Futurs n\u2019est pas un h\u00f4tel, pas un A**bnb et m\u00eame pas une colocation! Le Relai\u00b7s est juste\u2026 lui! Un collectif que chaque Relayeuse et chaque Relayeur fait vivre lorsqu\u2019il vient. Passer du temps au Relai\u00b7s c\u2019est choisir de passer du temps ensemble \u00e0 faire \u00e0 manger, aller se promener, nourrir le lave-vaisselle, passer un coup de peinture, ou b\u00e9cher le jardin\u2026<\/p>\n\n\n\n<hr class=\"wp-block-separator has-css-opacity\"\/>\n\n\n\n<p><strong>Lormes &#8211; La petite ville du futur<\/strong><\/p>\n\n\n\n<figure class=\"wp-block-image size-large\"><img loading=\"lazy\" decoding=\"async\" width=\"1024\" height=\"576\" src=\"https:\/\/lerelaisdesfuturs.com\/wp-content\/uploads\/2021\/12\/LORMES-welcome-page-1-1024x576.jpg\" alt=\"\" class=\"wp-image-133\" srcset=\"https:\/\/lerelaisdesfuturs.com\/wp-content\/uploads\/2021\/12\/LORMES-welcome-page-1-1024x576.jpg 1024w, https:\/\/lerelaisdesfuturs.com\/wp-content\/uploads\/2021\/12\/LORMES-welcome-page-1-300x169.jpg 300w, https:\/\/lerelaisdesfuturs.com\/wp-content\/uploads\/2021\/12\/LORMES-welcome-page-1-768x432.jpg 768w, https:\/\/lerelaisdesfuturs.com\/wp-content\/uploads\/2021\/12\/LORMES-welcome-page-1-1536x864.jpg 1536w, https:\/\/lerelaisdesfuturs.com\/wp-content\/uploads\/2021\/12\/LORMES-welcome-page-1-2048x1152.jpg 2048w\" sizes=\"auto, (max-width: 1024px) 100vw, 1024px\" \/><figcaption class=\"wp-element-caption\"><em>Lormes, un matin de novembre, par 5\u00b0C. <\/em><\/figcaption><\/figure>\n\n\n\n<p>Te voil\u00e0 d\u00e9sormais convaincu\u00b7e? Tu as tr\u00e8s envie de venir faire un tour par chez nous! Sache que nous t&#8217;attendons, toujours pr\u00eats \u00e0 prendre l&#8217;ap\u00e9ro ou un petit karaok\u00e9 (si pas, c&#8217;est qu&#8217;on c&#8217;est surement un lendemain de lendemain de lendemain de veille \ud83d\ude1d &#8211; ou qu&#8217;on a du taf &#8211; cela nous arrive parfois!!).<\/p>\n\n\n\n<div class=\"wp-block-columns is-layout-flex wp-container-core-columns-is-layout-9d6595d7 wp-block-columns-is-layout-flex\">\n<div class=\"wp-block-column is-layout-flow wp-block-column-is-layout-flow\" style=\"flex-basis:66.66%\">\n<p>Nous sommes situ\u00e9s dans la ville de <a href=\"https:\/\/www.nievre-tourisme.com\/decouvrez-la-nievre\/patrimoine\/balades-en-ville\/lormes\/\">Lormes<\/a>, en pays <a href=\"https:\/\/paysnivernaismorvan.fr\/\">Nivernais Morvan<\/a>.<\/p>\n\n\n\n<p><strong>L&#8217;Auberge du Relai\u00b7s:<\/strong> 15 avenue du 8 Mai, 58140, Lormes (France) (si tu avais un doute).<\/p>\n\n\n\n<p>On est tout pr\u00e8s de l&#8217;\u00e9tang du Goulot pour les baignades de l&#8217;\u00e9t\u00e9 et les petites marches digestives bien m\u00e9rit\u00e9es. L&#8217;Auberge comprend un b\u00e2timent principal, une grange, une partie atelier et un appartement, une grande cour verdoyante et un jardin de 2000 m\u00b2<\/p>\n\n\n\n<p><strong>Et combien \u00e7a coute tout \u00e7a?<\/strong><\/p>\n\n\n\n<p>Lors d&#8217;une nuit (ou plus) pass\u00e9e au Relai\u00b7s, nous t&#8217;inviterons \u00e0 participer aux frais &#8216;de mani\u00e8re <a href=\"https:\/\/lerelaisdesfuturs.com\/?page_id=361\">libre et consciente<\/a>&#8216;. Nous faisons une recommandation de \u20ac15\/nuit (sur courte une p\u00e9riode). Cela couvre les charges. <\/p>\n<\/div>\n\n\n\n<div class=\"wp-block-column is-layout-flow wp-block-column-is-layout-flow\" style=\"flex-basis:33.33%\">\n<div class=\"wp-block-ive-google-map alignnone ive_google_map_8bd828-2a\"><div id=\"overlay\" style=\"cursor:pointer\"><\/div><div class=\"ive-google-map__wrap\" id=\"ive-google-map-6e8bd828-2af9-4b2f-a4db-200de68ff112\"><iframe class=\"ive-google-map__iframe\" src=\"https:\/\/maps.google.com\/maps?q=Lormes&amp;t=&amp;z=12&amp;ie=UTF8&amp;iwloc=&amp;output=embed\" style=\"height:300px;width:100%;opacity:1\"><\/iframe><\/div><\/div>\n<\/div>\n<\/div>\n\n\n\n<p><\/p>\n","protected":false},"excerpt":{"rendered":"<p>Le Relai\u00b7s des Futurs est un \u00e9co-collectif situ\u00e9 dans la ville de Lormes, la bien-nomm\u00e9e, &#8216;petite ville du futur&#8217; (not less!!). Que tu sois urbain, rural, rurbain, habitant de Lormes, du Morvan ou en fait de n&#8217;importe o\u00f9 ailleurs, nous te souhaitons la bienvenue sur notre site. Au fil des pages tu pourras d\u00e9couvrir comment [&hellip;]<\/p>\n","protected":false},"author":1,"featured_media":0,"parent":0,"menu_order":0,"comment_status":"closed","ping_status":"closed","template":"","meta":{"_regular_price":[],"currency_symbol":[],"footnotes":""},"class_list":["post-454","page","type-page","status-publish","hentry"],"post_slider_layout_featured_media_urls":{"thumbnail":"","post_slider_layout_landscape_large":"","post_slider_layout_portrait_large":"","post_slider_layout_square_large":"","post_slider_layout_landscape":"","post_slider_layout_portrait":"","post_slider_layout_square":"","full":""},"_links":{"self":[{"href":"https:\/\/lerelaisdesfuturs.com\/index.php?rest_route=\/wp\/v2\/pages\/454","targetHints":{"allow":["GET"]}}],"collection":[{"href":"https:\/\/lerelaisdesfuturs.com\/index.php?rest_route=\/wp\/v2\/pages"}],"about":[{"href":"https:\/\/lerelaisdesfuturs.com\/index.php?rest_route=\/wp\/v2\/types\/page"}],"author":[{"embeddable":true,"href":"https:\/\/lerelaisdesfuturs.com\/index.php?rest_route=\/wp\/v2\/users\/1"}],"replies":[{"embeddable":true,"href":"https:\/\/lerelaisdesfuturs.com\/index.php?rest_route=%2Fwp%2Fv2%2Fcomments&post=454"}],"version-history":[{"count":28,"href":"https:\/\/lerelaisdesfuturs.com\/index.php?rest_route=\/wp\/v2\/pages\/454\/revisions"}],"predecessor-version":[{"id":724,"href":"https:\/\/lerelaisdesfuturs.com\/index.php?rest_route=\/wp\/v2\/pages\/454\/revisions\/724"}],"wp:attachment":[{"href":"https:\/\/lerelaisdesfuturs.com\/index.php?rest_route=%2Fwp%2Fv2%2Fmedia&parent=454"}],"curies":[{"name":"wp","href":"https:\/\/api.w.org\/{rel}","templated":true}]}}